{"id":11,"date":"2015-11-14T11:00:47","date_gmt":"2015-11-14T11:00:47","guid":{"rendered":"http:\/\/3baydavet.com\/?page_id=11"},"modified":"2020-12-31T13:30:24","modified_gmt":"2020-12-31T10:30:24","slug":"collections","status":"publish","type":"page","link":"http:\/\/3baydavet.com\/?page_id=11","title":{"rendered":"Hizmetlerimiz"},"content":{"rendered":"<p><div class=\"fusion-fullwidth fullwidth-box fusion-builder-row-1 fusion-flex-container nonhundred-percent-fullwidth non-hundred-percent-height-scrolling\" style=\"background-color: #ffffff;background-position: left top;background-repeat: no-repeat;border-width: 0px 0px 0px 0px;border-color:#eae9e9;border-style:solid;\" ><div class=\"fusion-builder-row fusion-row fusion-flex-align-items-flex-start\" style=\"max-width:1216.8px;margin-left: calc(-4% \/ 2 );margin-right: calc(-4% \/ 2 );\"><div class=\"fusion-layout-column fusion_builder_column fusion-builder-column-0 fusion_builder_column_1_1 1_1 fusion-flex-column\"><div class=\"fusion-column-wrapper fusion-flex-justify-content-flex-start fusion-content-layout-column\" style=\"background-position:left top;background-repeat:no-repeat;-webkit-background-size:cover;-moz-background-size:cover;-o-background-size:cover;background-size:cover;padding: 0px 0px 0px 0px;\"><\/div><\/div><style type=\"text\/css\">.fusion-body .fusion-builder-column-0{width:100% !important;margin-top : 0px;margin-bottom : 50px;}.fusion-builder-column-0 > .fusion-column-wrapper {padding-top : 0px !important;padding-right : 0px !important;margin-right : 1.92%;padding-bottom : 0px !important;padding-left : 0px !important;margin-left : 1.92%;}@media only screen and (max-width:1024px) {.fusion-body .fusion-builder-column-0{width:100% !important;}.fusion-builder-column-0 > .fusion-column-wrapper {margin-right : 1.92%;margin-left : 1.92%;}}@media only screen and (max-width:640px) {.fusion-body .fusion-builder-column-0{width:100% !important;}.fusion-builder-column-0 > .fusion-column-wrapper {margin-right : 1.92%;margin-left : 1.92%;}}<\/style><\/div><style type=\"text\/css\">.fusion-body .fusion-flex-container.fusion-builder-row-1{ padding-top : 0px;margin-top : 0px;padding-right : 0px;padding-bottom : 100px;margin-bottom : 0px;padding-left : 0px;}@media only screen and (max-width:1024px) {.fusion-body .fusion-flex-container.fusion-builder-row-1{ padding-bottom : 60px;}}@media only screen and (max-width:640px) {.fusion-body .fusion-flex-container.fusion-builder-row-1{ padding-bottom : 76;}}<\/style><\/div><div class=\"fusion-fullwidth fullwidth-box fusion-builder-row-2 fusion-flex-container nonhundred-percent-fullwidth non-hundred-percent-height-scrolling\" style=\"background-color: #ffffff;background-position: left top;background-repeat: no-repeat;border-width: 0px 0px 0px 0px;border-color:#eae9e9;border-style:solid;\" ><div class=\"fusion-builder-row fusion-row fusion-flex-align-items-flex-start\" style=\"max-width:1216.8px;margin-left: calc(-4% \/ 2 );margin-right: calc(-4% \/ 2 );\"><div class=\"fusion-layout-column fusion_builder_column fusion-builder-column-1 fusion_builder_column_1_1 1_1 fusion-flex-column\"><div class=\"fusion-column-wrapper fusion-flex-justify-content-flex-start fusion-content-layout-column\" style=\"background-position:left top;background-repeat:no-repeat;-webkit-background-size:cover;-moz-background-size:cover;-o-background-size:cover;background-size:cover;padding: 0px 0px 0px 0px;\"><style type=\"text\/css\">.fusion-portfolio-wrapper#fusion-portfolio-1 .fusion-portfolio-content{ padding: 25px 25px 25px 25px; text-align: center; }<\/style><div class=\"fusion-recent-works fusion-portfolio-element fusion-portfolio fusion-portfolio-1 fusion-portfolio-grid fusion-portfolio-paging-none fusion-portfolio-two fusion-portfolio-boxed fusion-portfolio-text fusion-portfolio-rollover\" data-id=\"-rw-1\" data-columns=\"two\"><style type=\"text\/css\">.fusion-portfolio-1 .fusion-portfolio-wrapper .fusion-col-spacing{padding:15px;}<\/style><div class=\"fusion-portfolio-wrapper\" id=\"fusion-portfolio-1\" data-picturesize=\"auto\" data-pages=\"1\" style=\"margin:-15px;\"><article id=\"portfolio-1-post-148\" class=\"fusion-portfolio-post mountain tropical fusion-col-spacing post-148\"><div class=\"fusion-portfolio-content-wrapper\" style=\"border:1px solid #ebeaea;border-bottom-width:3px;background-color:rgba(255,255,255,0);\"><span class=\"vcard rich-snippet-hidden\"><span class=\"fn\"><a href=\"http:\/\/3baydavet.com\/?author=1\" title=\"3BayDavet taraf\u0131ndan yaz\u0131lan yaz\u0131lar\" rel=\"author\">3BayDavet<\/a><\/span><\/span><span class=\"updated rich-snippet-hidden\">2020-12-31T17:11:54+03:00<\/span>\n\n<div  class=\"fusion-image-wrapper\" aria-haspopup=\"true\">\n\t\n\t\n\t\t\n\t\t\t\t\t<img decoding=\"async\" width=\"2050\" height=\"1542\" src=\"http:\/\/3baydavet.com\/wp-content\/uploads\/2015\/11\/6L5A9918-scaled-e1609423861759.jpg\" class=\"attachment-full size-full wp-post-image\" alt=\"\" srcset=\"http:\/\/3baydavet.com\/wp-content\/uploads\/2015\/11\/6L5A9918-scaled-e1609423861759-200x150.jpg 200w, http:\/\/3baydavet.com\/wp-content\/uploads\/2015\/11\/6L5A9918-scaled-e1609423861759-400x301.jpg 400w, http:\/\/3baydavet.com\/wp-content\/uploads\/2015\/11\/6L5A9918-scaled-e1609423861759-600x451.jpg 600w, http:\/\/3baydavet.com\/wp-content\/uploads\/2015\/11\/6L5A9918-scaled-e1609423861759-800x602.jpg 800w, http:\/\/3baydavet.com\/wp-content\/uploads\/2015\/11\/6L5A9918-scaled-e1609423861759-1200x903.jpg 1200w, http:\/\/3baydavet.com\/wp-content\/uploads\/2015\/11\/6L5A9918-scaled-e1609423861759.jpg 2050w\" sizes=\"(min-width: 2200px) 100vw, (min-width: 822px) 570px, (min-width: 640px) 822px, \" \/>\n\t\n\n\t\t<div class=\"fusion-rollover\">\n\t<div class=\"fusion-rollover-content\">\n\n\t\t\t\t\n\t\t\t\t\n\t\t\t\t\t\t\t\t\t\t\t\t<h4 class=\"fusion-rollover-title\">\n\t\t\t\t\t<a class=\"fusion-rollover-title-link\" href=\"http:\/\/3baydavet.com\/?avada_portfolio=dugun\">\n\t\t\t\t\t\tD\u00dc\u011e\u00dcN | DAVET\t\t\t\t\t<\/a>\n\t\t\t\t<\/h4>\n\t\t\t\n\t\t\t\t\t\t\t\t\n\t\t\n\t\t\t\t<a class=\"fusion-link-wrapper\" href=\"http:\/\/3baydavet.com\/?avada_portfolio=dugun\" aria-label=\"D\u00dc\u011e\u00dcN | DAVET\"><\/a>\n\t<\/div>\n<\/div>\n\n\t\n<\/div>\n<div class=\"fusion-portfolio-content\" style=\"background-color:rgba(255,255,255,0);\"><h2 class=\"entry-title fusion-post-title\"><a href=\"http:\/\/3baydavet.com\/?avada_portfolio=dugun\">D\u00dc\u011e\u00dcN | DAVET<\/a><\/h2><div class=\"fusion-post-content\"><\/div><\/div><\/div><\/article><article id=\"portfolio-1-post-146\" class=\"fusion-portfolio-post casual fusion-col-spacing post-146\"><div class=\"fusion-portfolio-content-wrapper\" style=\"border:1px solid #ebeaea;border-bottom-width:3px;background-color:rgba(255,255,255,0);\"><span class=\"vcard rich-snippet-hidden\"><span class=\"fn\"><a href=\"http:\/\/3baydavet.com\/?author=1\" title=\"3BayDavet taraf\u0131ndan yaz\u0131lan yaz\u0131lar\" rel=\"author\">3BayDavet<\/a><\/span><\/span><span class=\"updated rich-snippet-hidden\">2020-12-31T16:35:55+03:00<\/span>\n\n<div  class=\"fusion-image-wrapper\" aria-haspopup=\"true\">\n\t\n\t\n\t\t\n\t\t\t\t\t<img decoding=\"async\" width=\"1600\" height=\"1200\" src=\"http:\/\/3baydavet.com\/wp-content\/uploads\/2020\/09\/IMG-20200813-WA0057.jpg\" class=\"attachment-full size-full wp-post-image\" alt=\"\" srcset=\"http:\/\/3baydavet.com\/wp-content\/uploads\/2020\/09\/IMG-20200813-WA0057-200x150.jpg 200w, http:\/\/3baydavet.com\/wp-content\/uploads\/2020\/09\/IMG-20200813-WA0057-400x300.jpg 400w, http:\/\/3baydavet.com\/wp-content\/uploads\/2020\/09\/IMG-20200813-WA0057-600x450.jpg 600w, http:\/\/3baydavet.com\/wp-content\/uploads\/2020\/09\/IMG-20200813-WA0057-800x600.jpg 800w, http:\/\/3baydavet.com\/wp-content\/uploads\/2020\/09\/IMG-20200813-WA0057-1200x900.jpg 1200w, http:\/\/3baydavet.com\/wp-content\/uploads\/2020\/09\/IMG-20200813-WA0057.jpg 1600w\" sizes=\"(min-width: 2200px) 100vw, (min-width: 822px) 570px, (min-width: 640px) 822px, \" \/>\n\t\n\n\t\t<div class=\"fusion-rollover\">\n\t<div class=\"fusion-rollover-content\">\n\n\t\t\t\t\n\t\t\t\t\n\t\t\t\t\t\t\t\t\t\t\t\t<h4 class=\"fusion-rollover-title\">\n\t\t\t\t\t<a class=\"fusion-rollover-title-link\" href=\"http:\/\/3baydavet.com\/?avada_portfolio=kina\">\n\t\t\t\t\t\tKINA\t\t\t\t\t<\/a>\n\t\t\t\t<\/h4>\n\t\t\t\n\t\t\t\t\t\t\t\t\n\t\t\n\t\t\t\t<a class=\"fusion-link-wrapper\" href=\"http:\/\/3baydavet.com\/?avada_portfolio=kina\" aria-label=\"KINA\"><\/a>\n\t<\/div>\n<\/div>\n\n\t\n<\/div>\n<div class=\"fusion-portfolio-content\" style=\"background-color:rgba(255,255,255,0);\"><h2 class=\"entry-title fusion-post-title\"><a href=\"http:\/\/3baydavet.com\/?avada_portfolio=kina\">KINA<\/a><\/h2><div class=\"fusion-post-content\"><\/div><\/div><\/div><\/article><article id=\"portfolio-1-post-144\" class=\"fusion-portfolio-post casual fusion-col-spacing post-144\"><div class=\"fusion-portfolio-content-wrapper\" style=\"border:1px solid #ebeaea;border-bottom-width:3px;background-color:rgba(255,255,255,0);\"><span class=\"vcard rich-snippet-hidden\"><span class=\"fn\"><a href=\"http:\/\/3baydavet.com\/?author=1\" title=\"3BayDavet taraf\u0131ndan yaz\u0131lan yaz\u0131lar\" rel=\"author\">3BayDavet<\/a><\/span><\/span><span class=\"updated rich-snippet-hidden\">2020-12-31T16:35:23+03:00<\/span>\n\n<div  class=\"fusion-image-wrapper\" aria-haspopup=\"true\">\n\t\n\t\n\t\t\n\t\t\t\t\t<img decoding=\"async\" width=\"1600\" height=\"1200\" src=\"http:\/\/3baydavet.com\/wp-content\/uploads\/2020\/09\/WhatsApp-Image-2020-09-13-at-23.25.48.jpeg\" class=\"attachment-full size-full wp-post-image\" alt=\"\" srcset=\"http:\/\/3baydavet.com\/wp-content\/uploads\/2020\/09\/WhatsApp-Image-2020-09-13-at-23.25.48-200x150.jpeg 200w, http:\/\/3baydavet.com\/wp-content\/uploads\/2020\/09\/WhatsApp-Image-2020-09-13-at-23.25.48-400x300.jpeg 400w, http:\/\/3baydavet.com\/wp-content\/uploads\/2020\/09\/WhatsApp-Image-2020-09-13-at-23.25.48-600x450.jpeg 600w, http:\/\/3baydavet.com\/wp-content\/uploads\/2020\/09\/WhatsApp-Image-2020-09-13-at-23.25.48-800x600.jpeg 800w, http:\/\/3baydavet.com\/wp-content\/uploads\/2020\/09\/WhatsApp-Image-2020-09-13-at-23.25.48-1200x900.jpeg 1200w, http:\/\/3baydavet.com\/wp-content\/uploads\/2020\/09\/WhatsApp-Image-2020-09-13-at-23.25.48.jpeg 1600w\" sizes=\"(min-width: 2200px) 100vw, (min-width: 822px) 570px, (min-width: 640px) 822px, \" \/>\n\t\n\n\t\t<div class=\"fusion-rollover\">\n\t<div class=\"fusion-rollover-content\">\n\n\t\t\t\t\n\t\t\t\t\n\t\t\t\t\t\t\t\t\t\t\t\t<h4 class=\"fusion-rollover-title\">\n\t\t\t\t\t<a class=\"fusion-rollover-title-link\" href=\"http:\/\/3baydavet.com\/?avada_portfolio=nisan\">\n\t\t\t\t\t\tN\u0130\u015eAN\t\t\t\t\t<\/a>\n\t\t\t\t<\/h4>\n\t\t\t\n\t\t\t\t\t\t\t\t\n\t\t\n\t\t\t\t<a class=\"fusion-link-wrapper\" href=\"http:\/\/3baydavet.com\/?avada_portfolio=nisan\" aria-label=\"N\u0130\u015eAN\"><\/a>\n\t<\/div>\n<\/div>\n\n\t\n<\/div>\n<div class=\"fusion-portfolio-content\" style=\"background-color:rgba(255,255,255,0);\"><h2 class=\"entry-title fusion-post-title\"><a href=\"http:\/\/3baydavet.com\/?avada_portfolio=nisan\">N\u0130\u015eAN<\/a><\/h2><div class=\"fusion-post-content\"><\/div><\/div><\/div><\/article><article id=\"portfolio-1-post-142\" class=\"fusion-portfolio-post casual culture fusion-col-spacing post-142\"><div class=\"fusion-portfolio-content-wrapper\" style=\"border:1px solid #ebeaea;border-bottom-width:3px;background-color:rgba(255,255,255,0);\"><span class=\"vcard rich-snippet-hidden\"><span class=\"fn\"><a href=\"http:\/\/3baydavet.com\/?author=1\" title=\"3BayDavet taraf\u0131ndan yaz\u0131lan yaz\u0131lar\" rel=\"author\">3BayDavet<\/a><\/span><\/span><span class=\"updated rich-snippet-hidden\">2020-12-31T16:42:57+03:00<\/span>\n\n<div  class=\"fusion-image-wrapper\" aria-haspopup=\"true\">\n\t\n\t\n\t\t\n\t\t\t\t\t<img decoding=\"async\" width=\"2560\" height=\"1920\" src=\"http:\/\/3baydavet.com\/wp-content\/uploads\/2020\/09\/IMG_0998-scaled.jpg\" class=\"attachment-full size-full wp-post-image\" alt=\"\" srcset=\"http:\/\/3baydavet.com\/wp-content\/uploads\/2020\/09\/IMG_0998-200x150.jpg 200w, http:\/\/3baydavet.com\/wp-content\/uploads\/2020\/09\/IMG_0998-400x300.jpg 400w, http:\/\/3baydavet.com\/wp-content\/uploads\/2020\/09\/IMG_0998-600x450.jpg 600w, http:\/\/3baydavet.com\/wp-content\/uploads\/2020\/09\/IMG_0998-800x600.jpg 800w, http:\/\/3baydavet.com\/wp-content\/uploads\/2020\/09\/IMG_0998-1200x900.jpg 1200w, http:\/\/3baydavet.com\/wp-content\/uploads\/2020\/09\/IMG_0998-scaled.jpg 2560w\" sizes=\"(min-width: 2200px) 100vw, (min-width: 822px) 570px, (min-width: 640px) 822px, \" \/>\n\t\n\n\t\t<div class=\"fusion-rollover\">\n\t<div class=\"fusion-rollover-content\">\n\n\t\t\t\t\n\t\t\t\t\n\t\t\t\t\t\t\t\t\t\t\t\t<h4 class=\"fusion-rollover-title\">\n\t\t\t\t\t<a class=\"fusion-rollover-title-link\" href=\"http:\/\/3baydavet.com\/?avada_portfolio=acilis\">\n\t\t\t\t\t\tA\u00c7ILI\u015e\t\t\t\t\t<\/a>\n\t\t\t\t<\/h4>\n\t\t\t\n\t\t\t\t\t\t\t\t\n\t\t\n\t\t\t\t<a class=\"fusion-link-wrapper\" href=\"http:\/\/3baydavet.com\/?avada_portfolio=acilis\" aria-label=\"A\u00c7ILI\u015e\"><\/a>\n\t<\/div>\n<\/div>\n\n\t\n<\/div>\n<div class=\"fusion-portfolio-content\" style=\"background-color:rgba(255,255,255,0);\"><h2 class=\"entry-title fusion-post-title\"><a href=\"http:\/\/3baydavet.com\/?avada_portfolio=acilis\">A\u00c7ILI\u015e<\/a><\/h2><div class=\"fusion-post-content\"><\/div><\/div><\/div><\/article><article id=\"portfolio-1-post-1181\" class=\"fusion-portfolio-post buildings casual fusion-col-spacing post-1181\"><div class=\"fusion-portfolio-content-wrapper\" style=\"border:1px solid #ebeaea;border-bottom-width:3px;background-color:rgba(255,255,255,0);\"><span class=\"vcard rich-snippet-hidden\"><span class=\"fn\"><a href=\"http:\/\/3baydavet.com\/?author=1\" title=\"3BayDavet taraf\u0131ndan yaz\u0131lan yaz\u0131lar\" rel=\"author\">3BayDavet<\/a><\/span><\/span><span class=\"updated rich-snippet-hidden\">2020-12-31T17:07:18+03:00<\/span>\n\n<div  class=\"fusion-image-wrapper\" aria-haspopup=\"true\">\n\t\n\t\n\t\t\n\t\t\t\t\t<img decoding=\"async\" width=\"1080\" height=\"843\" src=\"http:\/\/3baydavet.com\/wp-content\/uploads\/2020\/09\/IMG_0863.jpg\" class=\"attachment-full size-full wp-post-image\" alt=\"\" srcset=\"http:\/\/3baydavet.com\/wp-content\/uploads\/2020\/09\/IMG_0863-200x156.jpg 200w, http:\/\/3baydavet.com\/wp-content\/uploads\/2020\/09\/IMG_0863-400x312.jpg 400w, http:\/\/3baydavet.com\/wp-content\/uploads\/2020\/09\/IMG_0863-600x468.jpg 600w, http:\/\/3baydavet.com\/wp-content\/uploads\/2020\/09\/IMG_0863-800x624.jpg 800w, http:\/\/3baydavet.com\/wp-content\/uploads\/2020\/09\/IMG_0863.jpg 1080w\" sizes=\"(min-width: 2200px) 100vw, (min-width: 822px) 570px, (min-width: 640px) 822px, \" \/>\n\t\n\n\t\t<div class=\"fusion-rollover\">\n\t<div class=\"fusion-rollover-content\">\n\n\t\t\t\t\n\t\t\t\t\n\t\t\t\t\t\t\t\t\t\t\t\t<h4 class=\"fusion-rollover-title\">\n\t\t\t\t\t<a class=\"fusion-rollover-title-link\" href=\"http:\/\/3baydavet.com\/?avada_portfolio=kurumsal\">\n\t\t\t\t\t\tKURUMSAL ETK\u0130NL\u0130KLER\t\t\t\t\t<\/a>\n\t\t\t\t<\/h4>\n\t\t\t\n\t\t\t\t\t\t\t\t\n\t\t\n\t\t\t\t<a class=\"fusion-link-wrapper\" href=\"http:\/\/3baydavet.com\/?avada_portfolio=kurumsal\" aria-label=\"KURUMSAL ETK\u0130NL\u0130KLER\"><\/a>\n\t<\/div>\n<\/div>\n\n\t\n<\/div>\n<div class=\"fusion-portfolio-content\" style=\"background-color:rgba(255,255,255,0);\"><h2 class=\"entry-title fusion-post-title\"><a href=\"http:\/\/3baydavet.com\/?avada_portfolio=kurumsal\">KURUMSAL ETK\u0130NL\u0130KLER<\/a><\/h2><div class=\"fusion-post-content\"><\/div><\/div><\/div><\/article><\/div><\/div><\/div><\/div><style type=\"text\/css\">.fusion-body .fusion-builder-column-1{width:100% !important;margin-top : 0px;margin-bottom : 50px;}.fusion-builder-column-1 > .fusion-column-wrapper {padding-top : 0px !important;padding-right : 0px !important;margin-right : 1.92%;padding-bottom : 0px !important;padding-left : 0px !important;margin-left : 1.92%;}@media only screen and (max-width:1024px) {.fusion-body .fusion-builder-column-1{width:100% !important;}.fusion-builder-column-1 > .fusion-column-wrapper {margin-right : 1.92%;margin-left : 1.92%;}}@media only screen and (max-width:640px) {.fusion-body .fusion-builder-column-1{width:100% !important;}.fusion-builder-column-1 > .fusion-column-wrapper {margin-right : 1.92%;margin-left : 1.92%;}}<\/style><\/div><style type=\"text\/css\">.fusion-body .fusion-flex-container.fusion-builder-row-2{ padding-top : 0px;margin-top : 0px;padding-right : 0px;padding-bottom : 100px;margin-bottom : 0px;padding-left : 0px;}@media only screen and (max-width:1024px) {.fusion-body .fusion-flex-container.fusion-builder-row-2{ padding-bottom : 60px;}}@media only screen and (max-width:640px) {.fusion-body .fusion-flex-container.fusion-builder-row-2{ padding-bottom : 76;}}<\/style><\/div><div class=\"fusion-bg-parallax\" data-bg-align=\"center bottom\" data-direction=\"up\" data-mute=\"false\" data-opacity=\"100\" data-velocity=\"-0.3\" data-mobile-enabled=\"false\" data-break_parents=\"0\" data-bg-image=\"http:\/\/3baydavet.com\/wp-content\/uploads\/2015\/11\/testimonial_background-compressor-2.jpg\" data-bg-repeat=\"false\" data-bg-color=\"#ffffff\" ><\/div><div class=\"fusion-fullwidth fullwidth-box fusion-builder-row-3 fusion-flex-container fusion-parallax-up nonhundred-percent-fullwidth non-hundred-percent-height-scrolling\" style=\"background-color: #ffffff;background-image: url(&quot;http:\/\/3baydavet.com\/wp-content\/uploads\/2015\/11\/testimonial_background-compressor-2.jpg&quot;);background-position: center bottom;background-repeat: no-repeat;border-width: 0px 0px 0px 0px;border-color:#eae9e9;border-style:solid;-webkit-background-size:cover;-moz-background-size:cover;-o-background-size:cover;background-size:cover;\" ><div class=\"fusion-builder-row fusion-row fusion-flex-align-items-flex-start\" style=\"max-width:calc( 1170px + 0px );margin-left: calc(-0px \/ 2 );margin-right: calc(-0px \/ 2 );\"><div class=\"fusion-layout-column fusion_builder_column fusion-builder-column-2 fusion_builder_column_1_1 1_1 fusion-flex-column\"><div class=\"fusion-column-wrapper fusion-flex-justify-content-flex-start fusion-content-layout-column\" style=\"background-position:left top;background-repeat:no-repeat;-webkit-background-size:cover;-moz-background-size:cover;-o-background-size:cover;background-size:cover;padding: 0% 15% 0% 15%;\"><div class=\"fusion-testimonials clean fusion-testimonials-1\" data-random=\"0\" data-speed=\"4000\"><style type=\"text\/css\">#fusion-testimonials-1 a{border-color:#dfdfdf;}#fusion-testimonials-1 a:hover, #fusion-testimonials-1 .activeSlide{background-color: #dfdfdf;}.fusion-testimonials.clean.fusion-testimonials-1 .author:after{border-top-color:transparent !important;}<\/style><div class=\"reviews\"><\/div><\/div><\/div><\/div><style type=\"text\/css\">.fusion-body .fusion-builder-column-2{width:100% !important;margin-top : 0px;margin-bottom : 50px;}.fusion-builder-column-2 > .fusion-column-wrapper {padding-top : 0% !important;padding-right : 15% !important;margin-right : 0px;padding-bottom : 0% !important;padding-left : 15% !important;margin-left : 0px;}@media only screen and (max-width:1024px) {.fusion-body .fusion-builder-column-2{width:100% !important;}.fusion-builder-column-2 > .fusion-column-wrapper {margin-right : 0px;margin-left : 0px;}}@media only screen and (max-width:640px) {.fusion-body .fusion-builder-column-2{width:100% !important;}.fusion-builder-column-2 > .fusion-column-wrapper {margin-right : 0px;margin-left : 0px;}}<\/style><\/div><style type=\"text\/css\">.fusion-body .fusion-flex-container.fusion-builder-row-3{ padding-top : 120px;margin-top : 0px;padding-right : 0px;padding-bottom : 80px;margin-bottom : 0px;padding-left : 0px;}@media only screen and (max-width:640px) {.fusion-body .fusion-flex-container.fusion-builder-row-3{ padding-top : 80px;padding-bottom : 20px;}}<\/style><\/div><\/p>\n","protected":false},"excerpt":{"rendered":"","protected":false},"author":1,"featured_media":0,"parent":0,"menu_order":0,"comment_status":"closed","ping_status":"closed","template":"100-width.php","meta":{"footnotes":""},"class_list":["post-11","page","type-page","status-publish","hentry"],"yoast_head":"<!-- This site is optimized with the Yoast SEO plugin v15.5 - https:\/\/yoast.com\/wordpress\/plugins\/seo\/ -->\n<title>Hizmetlerimiz - 3Bay Davet<\/title>\n<meta name=\"robots\" content=\"index, follow, max-snippet:-1, max-image-preview:large, max-video-preview:-1\" \/>\n<link rel=\"canonical\" href=\"http:\/\/3baydavet.com\/?page_id=11\" \/>\n<meta property=\"og:locale\" content=\"tr_TR\" \/>\n<meta property=\"og:type\" content=\"article\" \/>\n<meta property=\"og:title\" content=\"Hizmetlerimiz - 3Bay Davet\" \/>\n<meta property=\"og:url\" content=\"http:\/\/3baydavet.com\/?page_id=11\" \/>\n<meta property=\"og:site_name\" content=\"3Bay Davet\" \/>\n<meta property=\"article:modified_time\" content=\"2020-12-31T10:30:24+00:00\" \/>\n<meta name=\"twitter:card\" content=\"summary_large_image\" \/>\n<meta name=\"twitter:label1\" content=\"Tahmini okuma s\u00fcresi\">\n\t<meta name=\"twitter:data1\" content=\"4 dakika\">\n<script type=\"application\/ld+json\" class=\"yoast-schema-graph\">{\"@context\":\"https:\/\/schema.org\",\"@graph\":[{\"@type\":\"WebSite\",\"@id\":\"http:\/\/3baydavet.com\/#website\",\"url\":\"http:\/\/3baydavet.com\/\",\"name\":\"3Bay Davet\",\"description\":\"Organizasyon &amp; Davet\",\"potentialAction\":[{\"@type\":\"SearchAction\",\"target\":\"http:\/\/3baydavet.com\/?s={search_term_string}\",\"query-input\":\"required name=search_term_string\"}],\"inLanguage\":\"tr\"},{\"@type\":\"WebPage\",\"@id\":\"http:\/\/3baydavet.com\/?page_id=11#webpage\",\"url\":\"http:\/\/3baydavet.com\/?page_id=11\",\"name\":\"Hizmetlerimiz - 3Bay Davet\",\"isPartOf\":{\"@id\":\"http:\/\/3baydavet.com\/#website\"},\"datePublished\":\"2015-11-14T11:00:47+00:00\",\"dateModified\":\"2020-12-31T10:30:24+00:00\",\"inLanguage\":\"tr\",\"potentialAction\":[{\"@type\":\"ReadAction\",\"target\":[\"http:\/\/3baydavet.com\/?page_id=11\"]}]}]}<\/script>\n<!-- \/ Yoast SEO plugin. -->","_links":{"self":[{"href":"http:\/\/3baydavet.com\/index.php?rest_route=\/wp\/v2\/pages\/11","targetHints":{"allow":["GET"]}}],"collection":[{"href":"http:\/\/3baydavet.com\/index.php?rest_route=\/wp\/v2\/pages"}],"about":[{"href":"http:\/\/3baydavet.com\/index.php?rest_route=\/wp\/v2\/types\/page"}],"author":[{"embeddable":true,"href":"http:\/\/3baydavet.com\/index.php?rest_route=\/wp\/v2\/users\/1"}],"replies":[{"embeddable":true,"href":"http:\/\/3baydavet.com\/index.php?rest_route=%2Fwp%2Fv2%2Fcomments&post=11"}],"version-history":[{"count":5,"href":"http:\/\/3baydavet.com\/index.php?rest_route=\/wp\/v2\/pages\/11\/revisions"}],"predecessor-version":[{"id":1085,"href":"http:\/\/3baydavet.com\/index.php?rest_route=\/wp\/v2\/pages\/11\/revisions\/1085"}],"wp:attachment":[{"href":"http:\/\/3baydavet.com\/index.php?rest_route=%2Fwp%2Fv2%2Fmedia&parent=11"}],"curies":[{"name":"wp","href":"https:\/\/api.w.org\/{rel}","templated":true}]}}